s 2ed - a0?
24d
In base 11, what is -560 + -1a?
-57a
In base 10, what is 819607 + 1?
819608
In base 4, what is -10010 - 3133?
-13203
In base 8, what is -5 - -21107?
21102
In base 12, what is b - -3b43?
3b52
In base 3, what is -120120100 - -102?
-120112221
In base 8, what is -7 - -34136?
34127
In base 11, what is -59254 + 2?
-59252
In base 8, what is -6307331 + -3?
-6307334
In base 3, what is -111 - 21201021?
-21201202
In base 14, what is 2 + 31182?
31184
In base 9, what is -5 - -312348?
312343
In base 4, what is 1 - 21122320?
-21122313
In base 2, what is -100001010110 + 111100101?
-11001110001
In base 3, what is 11 + -10222200211?
-10222200200
In base 16, what is -1 + ac83f?
ac83e
In base 11, what is 9 - -174?
182
In base 10, what is -18217 + -6?
-18223
In base 14, what is 0 + 19dc8?
19dc8
In base 3, what is 12 + -210121201121?
-210121201102
In base 7, what is -40560 + 0?
-40560
In base 13, what is b39 - 148?
9c1
In base 9, what is -2 - 230821?
-230823
In base 14, what is -173853 + 3?
-173850
In base 2, what is -101 + -10011000111001?
-10011000111110
In base 6, what is 352255 - -31?
352330
In base 12, what is 4221 + 340?
4561
In base 4, what is -13 - 212013?
-212032
In base 4, what is -1311312 + -13?
-1311331
In base 13, what is -7557 + 2?
-7555
In base 13, what is 2795 - -6c?
2834
In base 15, what is -4 + -303c?
-3041
In base 4, what is 1 + -300130312?
-300130311
In base 15, what is -1 + 326ab?
326aa
In base 14, what is -9 + -67124?
-6712d
In base 5, what is -314413 + 4?
-314404
In base 9, what is 13 + -302000?
-301876
In base 16, what is -12 + -b43?
-b55
In base 13, what is -97cb + 29?
-97a2
In base 16, what is -73c2a - -5?
-73c25
In base 13, what is -33 - 6028a?
-602c0
In base 8, what is 11 - -2641?
2652
In base 3, what is -100 + -20102002?
-20102102
In base 8, what is -331400 - 12?
-331412
In base 10, what is -4967 + 157?
-4810
In base 4, what is -13 + 1010122021?
1010122002
In base 12, what is -9a - 41b1?
-428b
In base 8, what is -5 - -2157?
2152
In base 16, what is 8a19ee - 5?
8a19e9
In base 8, what is -3341 - 331?
-3672
In base 10, what is 3 + -92933?
-92930
In base 13, what is -2 - -44096?
44094
In base 2, what is -11 - 10000111011011001111?
-10000111011011010010
In base 6, what is -241 + 2?
-235
In base 14, what is -5 - 395?
-39a
In base 8, what is 172455 - -22?
172477
In base 12, what is 3 - 3a9260?
-3a9259
In base 10, what is 20 - 1307?
-1287
In base 11, what is -5 - -2438?
2433
In base 11, what is 80a76 - -3?
80a79
In base 11, what is 11a41 + 0?
11a41
In base 14, what is -10ba3 - 2?
-10ba5
In base 15, what is -27a458 - -4?
-27a454
In base 13, what is a + -347?
-33a
In base 3, what is -12022012 - -210?
-12021102
In base 8, what is 2 - 4147?
-4145
In base 6, what is -125 - 5320?
-5445
In base 4, what is -101002322 + -12?
-101003000
In base 9, what is 2470 + -20?
2450
In base 3, what is 120021102 - 10?
120021022
In base 9, what is -6283 - 145?
-6438
In base 15, what is cb2 + a5?
d67
In base 4, what is 132011 + 3313?
201330
In base 4, what is -1201103 + 13?
-1201030
In base 15, what is -4ab0 + 4?
-4aab
In base 14, what is 5 - -1494?
1499
In base 2, what is -100101 + 111111110010101?
111111101110000
In base 5, what is 4 + -221423313?
-221423304
In base 4, what is 1321 - 11?
1310
In base 7, what is -41 + 23322?
23251
In base 8, what is 1410174 + -4?
1410170
In base 16, what is c - a1?
-95
In base 3, what is 202102021 - 22?
202101222
In base 5, what is -1443122 - 141?
-1443313
In base 10, what is 26530 - 8?
26522
In base 13, what is -229 + 3b3?
187
In base 15, what is c4 + -25a1?
-24cc
In base 13, what is 1ab14 + 5?
1ab19
In base 11, what is 1379 + 177?
1545
In base 9, what is 3575424 - -2?
3575426
In base 5, what is -100421120 - -4?
-100421111
In base 12, what is 3234 + 3?
3237
In base 13, what is -12 - -313?
301
In base 3, what is -1101111 + 122?
-1100212
In base 16, what is 4 + 737c?
7380
In base 13, what is -1 + a6496?
a6495
In base 12, what is b8 + -65b?
-563
In base 13, what is -1 + -3032c?
-30330
In base 16, what is 22fe1 - b?
22fd6
In base 8, what is -43744 - 3?
-43747
In base 4, what is -3 + -22212220?
-22212223
In base 10, what is 789 + -27?
762
In base 3, what is 12 - -200221021021?
200221021110
In base 11, what is 29a + -20?
27a
In base 14, what is -6518b + -6?
-65193
In base 12, what is -41090 - 22?
-410b2
In base 13, what is 137c + 90?
143c
In base 14, what is -94 - -2165?
20b1
In base 13, what is 1b - 2?
19
In base 2, what is 100 + -100011000010101100?
-100011000010101000
In base 4, what is 11122 - 210230?
-133102
In base 4, what is 203223 - 1312?
201311
In base 7, what is -30504 - 25?
-30532
In base 9, what is 2 - 1461072?
-1461070
In base 2, what is 1100111100010 - -1010110?
1101000111000
In base 13, what is -1ca5 - 11?
-1cb6
In base 16, what is 4 - 302c?
-3028
In base 3, what is 1010 + 21121121?
21122201
In base 6, what is 205 - 322041?
-321432
In base 8, what is -3 - -17532?
17527
In base 12, what is -9 + 3223?
3216
In base 11, what is -27 - 10a5?
-1121
In base 3, what is -101002221 - 11010?
-101021001
In base 5, what is -44424233 - 2?
-44424240
In base 14, what is -43b7 - -94?
-4323
In base 6, what is 1455532 - 2?
1455530
In base 7, what is -4 - 11546246?
-11546253
In base 15, what is a5 + 1d7?
28c
In base 3, what is 100 + -22212102222?
-22212102122
In base 4, what is 10 - -1203230?
1203300
In base 11, what is 0 + 3938?
3938
In base 3, what is 2010 - 1221201122?
-1221122112
In base 15, what is 1c6 + ae1?
cb7
In base 10, what is 3682 - 47?
3635
In base 9, what is 2444841 + 3?
2444844
In base 2, what is -10110000101110 - 100110?
-10110001010100
In base 4, what is -13011 + 1020?
-11331
In base 7, what is 54543 + -5?
54535
In base 11, what is 876375 - 1?
876374
In base 13, what is 3 - -1494?
1497
In base 8, what is -1412 + 25?
-1365
In base 13, what is 1b58 - 7?
1b51
In base 10, what is 19616 + 3?
19619
In base 10, what is -1 - -252516?
252515
In base 7, what is -6160 - 200?
-6360
In base 14, what is -d - 1139?
-1148
In base 9, what is -10 - 46067?
-46077
In base 13, what is -55 + -855?
-8aa
In base 13, what is -985 - -1b?
-967
In base 3, what is -110 + 12202022?
12201212
In base 8, what is -365 + 4017?
3432
In base 7, what is 346255 - 22?
346233
In base 13, what is -b - -a9a4?
a996
In base 6, what is -12102 - -105?
-11553
In base 6, what is 15 - 103342?
-103323
In base 4, what is -13 + 1223?
1210
In base 7, what is 1 + 1042645?
1042646
In base 16, what is -5 + 2cce?
2cc9
In base 15, what is -9 - c3dea?
-c3e04
In base 12, what is -b67 - 7?
-b72
In base 10, what is -3384 + 198?
-3186
In base 16, what is -4f6eb - -4?
-4f6e7
In base 8, what is 4 - 4017671?
-4017665
In base 14, what is -365dab - 4?
-365db1
In base 2, what is 11011110000000011001 - 100?
11011110000000010101
In base 14, what is 170ba + 1a?
170d6
In base 3, what is -1200121001221 - 10?
-1200121002001
In base 9, what is -3 + 7164?
7161
In base 7, what is 2213 + -150?
2033
In base 12, what is -948a - -2b?
-945b
In base 14, what is 5 - 94cd?
-94c8
In base 13, what is 2202 - -bc?
22c1
In base 15, what is 9 + 1e0?
1e9
In base 8, what is -5 - -37145?
37140
In base 3, what is 2021 - -1211222?
1221020
In base 16, what is -a + 52a?
520
In base 8, what is -5244 + -2?
-5246
In base 13, what is 0 - -909b6?
909b6
In base 13, what is 42554 - 3?
42551
In base 11, what is 20 + 64?
84
In base 16, what is 3f - 7bb8?
-7b79
In base 6, what is 22010 - -3?
22013
In base 16, what is 7a9 - 9e?
70b
In base 8, what is 13716 + -5?
13711
In base 12, what is 20bb - -12?
2111
In base 13, what is 35387 + 22?
353a9
In base 16, what is 1814 - -4?
1818
In base 16, what is 19 - 6058?
-603f
In base 11, what is -351aa8 + -1?
-351aa9
In base 6, what is -5 + -23320222?
-23320231
In base 13, what is 189 + -6b?
11b
In base 15, what is 4 + -820c?
-8208
In base 5, what is -32244 - -23?
-32221
In base 5, what is -20320 + 3342?
-11423
In base 11, what is -180 + -198?
-368
In base 15, what is -4 - 1607?
-160b
In base 6, what is 11335 - -1140?
12515
In base 9, what is -47080 - -5?
-47074
In base 10, what is 5 + -26996?
-26991
In base 5, what is -2012202 - 420?
-2013122
In base 16, what is 5 + -333?
-32e
In base 14, what is c8 - 248?
-160
In base 10, what is -40 + -4057?
-4097
In base 13, what is 823 + -1